re the prime factors of w(-9)?
5, 29
What are the prime factors of 922 + -20 - (-5 + 3)?
2, 113
Let m(f) = f**2 + 5*f + 27. Let w be m(-13). Suppose 5*z - w - 74 = 0. List the prime factors of z.
41
Let s(v) = 18*v**2 - 6*v - 1. What are the prime factors of s(-6)?
683
Let y = -437 + 641. Let w = -121 + y. List the prime factors of w.
83
Let y(a) = a**3 + 6*a**2 + 4*a + 2. Let l be (5 - -4 - 4)*1. Suppose 7*n + 28 = 2*n + 2*f, -l*n + 5*f = 40. What are the prime factors of y(n)?
2, 3
Suppose -x - 24 = 3*x. Let n = x - -68. Let o = 119 - n. What are the prime factors of o?
3, 19
Suppose 4*a = f - 37, 0 = 2*f - 3*a + 2*a - 81. List the prime factors of (f + -4)*1 + 3.
2, 5
Let f(q) = 5*q**2 + 2*q + 27. What are the prime factors of f(-10)?
3, 13
Let q = 14 + -11. Suppose 0 = 6*y - q*y - 69. What are the prime factors of y?
23
What are the prime factors of (84/(-140))/(2/(-4780))?
2, 3, 239
Let v(h) = -366*h + 170. What are the prime factors of v(-5)?
2, 5
Let v be ((-2006)/(-51))/(2/12). Suppose -5*x + 84 + v = 0. List the prime factors of x.
2
Let r(t) = -t**3 + 5*t**2 + t - 5. Let k be r(4). Suppose c - 38 = k. What are the prime factors of c?
53
Let t(d) = 36*d**2 - 3*d + 5. List the prime factors of t(2).
11, 13
Let g = 6646 - 4586. What are the prime factors of g?
2, 5, 103
Let u(w) = 5*w - 15. Let k(c) = -28*c - 11. Let x(a) = 14*a + 5. Let s(q) = 6*k(q) + 13*x(q). Let m be s(1). What are the prime factors of u(m)?
2, 5
Suppose 2*i = 2*g + 18, 0 = -5*i - 3*g + g + 38. Suppose -2*y + i = -y. Let s = y + -6. What are the prime factors of s?
2
Let q be (-1 - -92)*(-8 - -9). Suppose -q*u + 8 = -87*u. What are the prime factors of u?
2
Let v = 4696 - 2873. What are the prime factors of v?
1823
Suppose 0 = 4*p - 3*x - 105, 2*p + 2*x - 65 = x. Suppose 132 - p = 6*t. What are the prime factors of t?
17
Let s be 0*3/6 - -8. Let n(w) = 2*w - 1 - 3 + 3 + s. What are the prime factors of n(11)?
29
Let m(l) = 2*l**3 + l**2 + 95. Let w be m(0). Let h = 184 - w. List the prime factors of h.
89
What are the prime factors of (-31092)/(-16) - (-4)/(-16)?
29, 67
Let n(i) = 22*i - 827. List the prime factors of n(53).
3, 113
Suppose -v = -1, 4*k - 2*v - 190 = -0*v. Let w = 57 - k. What are the prime factors of w?
3
Let d(f) = -3*f - 10. Let a be d(-3). List the prime factors of a/((-2)/248) + (-3)/1.
11
Let d be -103 + 1 + -3 + 2. Let w be 10/20 - d/2. Suppose -y + 23 = 2*j, 0*y + 2*j + w = 4*y. List the prime factors of y.
3, 5
Suppose -y = 5*q - 1823, 5*y = -4*q + 2065 - 594. Suppose 3*f - q = -94. List the prime factors of f.
2, 3, 5
Let f(k) = k**2 - k - 38. Let b(n) = 2*n**2 - 12*n - 7. Let g be b(6). List the prime factors of f(g).
2, 3
Suppose 27258 = 15*a + 10893. What are the prime factors of a?
1091
Let a(y) = 23*y - 138. What are the prime factors of a(7)?
23
Suppose -2*j = -185 - 191. Suppose 3*x - 85 = j. What are the prime factors of x?
7, 13
Let r be 249/2*(-12)/(-18). Suppose 4*j - r = -d, -3*d - 5*j = -0*j - 284. List the prime factors of d.
103
Let g(c) = -c**2 - 14*c + 24. Let b be g(-17). Let v = b + 48. What are the prime factors of v?
3, 7
Suppose 0 = 4*p - 642 - 926. List the prime factors of p.
2, 7
Suppose 0 = 3*a - 6*a - 5*x + 1526, 2*a = 3*x + 1049. List the prime factors of a.
11, 47
Let b(c) = -c**3 + 29*c**2 - 19*c - 135. What are the prime factors of b(20)?
5, 617
Let g = -1 - -2. What are the prime factors of (g - (1 - 3)) + 58?
61
Let o = 110 + -208. Let v = 10 + o. List the prime factors of v/66 - 190/(-3).
2, 31
Let m = -5 - -10. Suppose 79 = l + z, m*l = z - 144 + 539. What are the prime factors of l?
79
Let k = 129 - 91. What are the prime factors of 30/(-5)*k/(-3)?
2, 19
Let v(d) = 127*d**2 - 41*d - 6. List the prime factors of v(-5).
2, 7, 241
Let z(t) = 2*t + 3*t - t**2 - t**3 - 6*t + 3*t**2. Let s be z(1). Let p = s - -7. List the prime factors of p.
7
Let n(x) = 18*x**2 - 27*x - 10. What are the prime factors of n(-7)?
1061
Let g = -27 + 38. Suppose -3*b = 2*z - 8, 5*z + 19 = 5*b - g. Suppose 2*f - 4*n - 6 = 0, b*f - 16 = 2*f + 2*n. List the prime factors of f.
13
Let s = -708 + 936. What are the prime factors of s?
2, 3, 19
What are the prime factors of (-46695)/(-12) + 216/288?
2, 7, 139
List the prime factors of 17*(-2)/(2/(-13)).
13, 17
Let a(u) = 296*u - 27. What are the prime factors of a(16)?
17, 277
Let w = -1048 - -1670. List the prime factors of w.
2, 311
Let l be 20590/639 + ((-11)/9 - -1). Let i = -13 + -17. Let y = l + i. What are the prime factors of y?
2
Let g(j) = -26*j + 2. Let n be g(-2). Let t = 77 - n. What are the prime factors of t?
23
Suppose -3*f - 114 = 5*u, 2*u + 110 = -3*u - 5*f. Let d be (-6)/((u/(-75))/(-4)). Suppose -3*s - 9 = -d. What are the prime factors of s?
2, 11
Let k = 9 + -2. Let q = k + -11. List the prime factors of ((-6)/q)/(9/156).
2, 13
Suppose -4*x + 3205 = -3*l, 15*l - 14*l = -3*x + 2407. What are the prime factors of x?
2, 401
List the prime factors of 383*1 + 39/(-13).
2, 5, 19
Let w = 4768 - 1459. What are the prime factors of w?
3, 1103
Let y = 49 + -47. Let b(n) = 16*n - 7. Let m be b(7). Suppose 0 = 5*i - 2*x - m, -i - y*x + 8 + 1 = 0. List the prime factors of i.
19
Suppose 9 = -5*t - 6. Let m be (-4)/t*930/20. Let y = -39 + m. What are the prime factors of y?
23
Suppose 2*o + 40*p - 6692 = 36*p, -p + 10028 = 3*o. What are the prime factors of o?
2, 3, 557
Suppose -f = -2*o + 6, 6*f - 7*f + 4*o - 4 = 0. Let k(z) be the second derivative of -5*z**3/6 - 5*z**2 + z. List the prime factors of k(f).
2, 3, 5
Let w be ((-2)/(-4))/((-1)/2)*3. What are the prime factors of (w/2)/((7 + -3)/(-24))?
3
Let a be (3 - 2) + -1 - -2. Suppose a*q - 3 = 5. Suppose 1 = -i - 4*p, q = -p - 1. What are the prime factors of i?
19
Suppose 20*w + 345 = 23*w. Suppose -18 = -4*u - 2*z, -u + z + 4 = -2. Suppose 4*y = -o - 2*o + w, 0 = -u*y + 5. What are the prime factors of o?
37
Suppose 9 + 7 = 4*q. Suppose 0*p - 26 = -5*z - p, -2*z - q*p + 14 = 0. Suppose -2*n = 2*j - 9 + 1, -3*n + z*j = -20. List the prime factors of n.
5
Let w(i) = -13*i + 16. Let n be w(8). Let j(k) = 7*k + 16. Let s be j(-11). Let c = s - n. List the prime factors of c.
3
Suppose -24*c = 241 - 5449. List the prime factors of c.
7, 31
Suppose -2*a + 4 = 2*a + 2*l, 4*a - 24 = 3*l. Suppose -372 = -4*b + 2*p, a*b - 210 = b - 5*p. Suppose -2*h = -b + 21. What are the prime factors of h?
37
Suppose 0 = 3*f - 2*q - 10, 5*f - 4*q + 2*q - 18 = 0. List the prime factors of 410/f*(-16)/(-10).
2, 41
Let f = 61 - 52. List the prime factors of (390/f)/((-3)/(-9)) - 2.
2
Let k = -19 + 22. Suppose -2*h - 73 = -k*h. List the prime factors of h.
73
Suppose 48704 = 28*a - 9256. List the prime factors of a.
2, 3, 5, 23
Let t(f) = 572*f + 24. Let k be t(2). Suppose -6*j + k = 268. What are the prime factors of j?
2, 3, 5
Suppose 134 = 9*q - 100. Suppose d - 25 - q = -2*j, 3*d = 4*j - 87. List the prime factors of j.
2, 3
Let m(j) = -40*j + 16. Let r be m(-7). Suppose 2*w + 2*o - r = -84, -439 = -4*w - o. List the prime factors of w.
3, 37
Let h(s) = -2*s - 4. Let r be h(-4). Suppose w = r + 2. Suppose 128 = 5*g + 4*f, 4*g - 4*f + 44 = w*g. What are the prime factors of g?
2, 7
Let j = 70 + -50. What are the prime factors of 8/20 + 612/j?
31
Suppose -407*p + 419*p = 23340. What are the prime factors of p?
5, 389
List the prime factors of (-4)/26 + (76626/(-78))/(-9).
109
Let g(v) = 10*v - 4. Let s be g(4). Suppose -3*b = -3*n + s, 2*b - 5 = -5*n + 34. Let l(o) = o**2 - 7*o + 6. What are the prime factors of l(n)?
2, 3
Let i be (-352)/(-40) + 1/5. What are the prime factors of 40 + i + (-2 - (-4)/1)?
3, 17
Let b = -23 - -25. Suppose 154 = 4*u + 5*g, b*u + 6*g - 2*g = 80. What are the prime factors of u?
2, 3
Let k be 20/8*48/15. Suppose 4*o - k + 0 = -3*v, -o = -4*v + 17. Suppose -13 = -v*f + 43. What are the prime factors of f?
2, 7
Let j(b) = b**3 + 7*b**2 + 3*b + 4. Let c be j(-6). Let o = 28 - c. Suppose -3*q - 3*d = -2*q + o, 0 = -q - 2*d - 2. List the prime factors of q.
2, 3
Suppose 0 = -2*y - 4*f - 8, 2*y + 6*f = f - 8. Let k be 1350/40 - 1/y. Let u = -14 + k. List the prime factors of u.
2, 5
Let c(a) = -7*a + 3. Let v(h) = -h + 1. Let d be v(-3). Suppose 5*o + 4*g + 36 = 0, -2*g - 2*g = d*o + 32. List the prime factors of c(o).
3